 + 24, -5*i + 0*v = -5*v. Let l(y) = -y - 11. Calculate l(i).
-7
Let x = 47 - 51. Let f be 17/(-4) - 1/x. Let u(a) = a**3 + 5*a**2 + 3*a + 4. What is u(f)?
8
Suppose 9*w + 6 - 6 = 0. Suppose s + 33 = -3*a - 2*s, -2*a + 4*s + 8 = w. Let p(y) = y**3 + 5*y**2 - 7*y - 1. What is p(a)?
5
Let y(m) = 0*m - 1 + m**2 + 1 - 7*m + 2. Let k be y(7). Let s(v) = -2*v**3 + v**2 - 3*v**k + 3*v**3 + v. What is s(2)?
2
Let f(h) = -5*h + 5 + h - h. Suppose 0 = -t + 2*y - 4, -3*t = -61*y + 62*y - 16. Calculate f(t).
-15
Let q(p) = 7 - 4*p**2 + 25*p - 15*p + 6*p**2 + p**3 - 12*p + p**2. Determine q(-5).
-33
Suppose -2*z = 2*z - 16, 4*w - z - 2404 = 0. Let x = -351 + w. Let l(a) = -x*a + 5*a**2 + 251*a - 2 + 3. Calculate l(1).
6
Let l(p) = p**3 + 5*p**2 + 2*p. Suppose 0 = 2*i + 4*i - 126. Suppose -8*y - 11 = i. Determine l(y).
8
Suppose 2*t = 5 + 5, -2*t = 4*q - 86. Suppose -5*y = -11 - q. Let b(m) = 2*m**2 + m + m**3 - 5 + 7 - y*m. Calculate b(-4).
-10
Let v(g) = g**2 + 3*g + 5. Let k(i) be the second derivative of -i**3/3 + 7*i**2/2 - 8*i. Let t be k(6). Determine v(t).
15
Let z(o) = 206*o - 85*o - 120*o + 6. Suppose -2*q + 8 = -4*q. Let f be (-2)/q*(-13 + 1). Give z(f).
0
Let y(d) = d + 33*d**2 + 30*d**2 + 1 - 66*d**2 - 2*d. What is y(-2)?
-9
Let n(t) = 5*t**2 - t - 3. Let u(l) = l**2 - 1. Let c = -68 + 71. Let y(f) = c*u(f) - n(f). What is y(-3)?
-21
Let g(a) = -a + 5. Let y(z) be the third derivative of z**6/120 - z**5/10 - z**4/12 + 7*z**3/6 - 2*z**2. Let i = 30 - 24. Let o be y(i). What is g(o)?
10
Suppose -2*s = -5*j + 5, 4*s - 4*j - 5 - 15 = 0. Let w be 60/s*(-2)/(-3). Let q(f) = -f**2 + 2. Give q(w).
-14
Let t(p) = -2*p + 2*p + p - 6. Let k be t(5). Let i(r) be the third derivative of -r**5/20 + r**4/12 + r**3/6 - 836*r**2 - 2*r. What is i(k)?
-4
Let c = -30 - -30. Let w(t) = c + t**3 + 1 - 2*t**2 - 5*t + 3*t + t. Let k = 5 + -2. What is w(k)?
7
Let u(v) = -3*v. Let l = 12 + -3. Suppose -l = 2*h - 17. Suppose -4*b + n = -1, 5*b + h*n - 16 = b. What is u(b)?
-3
Let r(i) = 6*i**2 + 5*i + 4. Suppose 3*c = 2*y - 7, 4*y + 19 = -3*c + 6. Determine r(c).
43
Suppose 7*y - 78 = 20*y. Let w(n) = -n**2 - 3*n + 9. Calculate w(y).
-9
Let t(o) = -3*o - 4. Suppose i + 0*x = -2*x + 14, x = -5*i + 52. Let m be 2/i + 296/20. Suppose 4*a = 9*a + m. What is t(a)?
5
Let z(y) = -y**2 - 1. Let u be z(2). Let m = 251 - 259. Let o = u - m. Let d(n) = n**3 - 2*n**2 - n - 2. Calculate d(o).
4
Let b(n) = n - 4. Let m(i) = i. Suppose 0 = -4*d - 4*j, 0 = 2*d + j + 2*j - 1. Let r(l) = d*b(l) + 4*m(l). Give r(3).
13
Let o = 14 + -10. Let w = o + -3. Let g(m) = 93 - 93 + m. Calculate g(w).
1
Let m(y) = 3*y + 1. Let k(i) = i**3 - 7*i**2 + 18*i - 37. Let x be k(5). Determine m(x).
10
Let i(f) be the second derivative of 4/3*f**3 + 17*f - f**2 + 0 - 1/12*f**4. Determine i(6).
10
Suppose -6 = -2*f + 4*w, 3*w = -2*f + 22 - 9. Let s(z) = -z**3 + 4*z**2 + 6*z - 2. Let l be s(f). Let u(r) = r**3 - 5*r**2 + 3*r + 1. Determine u(l).
-8
Let j(r) = 2*r**2 - 24*r + 39. Let k(n) = -n**2 + 12*n - 19. Let y(s) = -6*j(s) - 13*k(s). Give y(10).
-7
Suppose 2*w - v - 11 - 8 = 0, -5*v = 5*w - 10. Suppose -5*g = -3 - w. Let h(b) = 2 + 1 - 2*b - 8 - b**3 - 3*b**2 + g. Calculate h(-2).
-3
Let w be 6/8*(35/(-3) + 9). Let l(q) = -4*q - 15. Give l(w).
-7
Let n(o) be the first derivative of 1/6*o**4 - 8 + 3*o - 2/3*o**3 + o**2. Let y(u) be the first derivative of n(u). Give y(3).
8
Suppose 2*d + 59 - 16 = -n, -2*n - 106 = 5*d. Let u(w) = w**2 + 18*w - 23. Determine u(d).
17
Let y(k) be the third derivative of k**7/5040 - k**5/30 + 20*k**2. Let l(n) be the third derivative of y(n). What is l(-8)?
-8
Let h(f) = -5 - 32*f + 69*f - f**2 - 41*f. Determine h(-4).
-5
Let j(f) = 8 - 4*f + 0*f + 1 + 2*f**2 - f. Let t(r) = 3*r**2 - 8*r + 14. Let i(k) = 8*j(k) - 5*t(k). Suppose -10 = -0*o - 5*o. What is i(o)?
6
Let y(p) = p**3 - 6*p**2 - 7*p - 2. Let x be y(7). Let f(r) be the first derivative of 2*r**2 + 2*r + 7. Give f(x).
-6
Suppose -3 = -n - 1. Suppose -4*q + 43 = 5*y - n*y, -y = q - 13. Let g be 15/9 - 6/y. Let d(f) = 3*f**2. Calculate d(g).
3
Let t be (-3 + -5)/(-2) + -14. Let n(g) be the third derivative of -g**6/120 - g**5/6 + g**3 + 2*g**2. Determine n(t).
6
Let j(i) be the second derivative of -i**6/120 + 2*i**5/15 + 4*i**3/3 + 9*i**2/2 + 23*i. Let o(r) be the first derivative of j(r). Calculate o(8).
8
Let k(a) = a**3 - 5*a**2 + a + 4. Suppose 0 = 8*v - 3*v - 3*l - 9, 0 = 5*v - 5*l - 15. Suppose 10 = 2*g - v. Determine k(g).
9
Let v(n) = n**3 - 11*n**2 - 10*n - 29. Let m(p) = p - 8. Let k be m(20). Let w be v(k). Let j(q) = q**3 + 4*q**2 - 4*q - 1. What is j(w)?
-6
Let x(p) = -p**3 + 3*p**2 - p + 1. Suppose -4*o - 62 + 18 = 0. Let w be 1 - 2 - (3 - 17). Let b = w + o. Calculate x(b).
3
Let n(m) = m**3 + 4*m**2 + m - 1. Let a(r) = r**3 + 4*r**2 + 4*r. Let i be a(-3). Let k be n(i). Suppose 2*b = b + k. Let t(p) = p + 1. Give t(b).
6
Suppose 5*m + 194 = 194. Let p(b) = b**2 - b - 4. Give p(m).
-4
Suppose 4*z - 5*z = -y - 2, z - 2 = -y. Let b(h) = y - 55*h + 24*h + 32*h + 5. Determine b(-6).
-1
Suppose -3*z + 11 = -1. Let r be 3 - (11 + (1 - z)). Let c(b) be the third derivative of b**6/120 + b**5/12 - b**4/24 - b**3/2 + 10*b**2. Give c(r).
2
Let m(u) = -6*u - 2. Let i(y) = -4*y - 1. Let k(w) = 5*i(w) - 4*m(w). Determine k(-3).
-9
Let i(l) = 7*l**2 - 17*l**2 + l**3 + 1 + 2*l + 0*l**2 + 2. Give i(10).
23
Let a(p) = 5*p - 7. Let j(u) be the third derivative of -u**4/6 + u**3 - 9*u**2. Let n(v) = 3*a(v) + 4*j(v). Determine n(3).
0
Let d(i) = -2*i**3 - 4*i**2 - 4*i - 7. Let f = -1494 + 1491. Calculate d(f).
23
Let f(d) = -3*d**2 - 15*d - 15. Let s(l) = -l**2 - 5*l - 5. Suppose 0 = 5*r - 22 + 7. Let p(x) = r*f(x) - 8*s(x). Determine p(-5).
-5
Let w(k) = -10*k**3 + 2*k**2 + 6*k - 6. Let q(a) = 19*a**3 - 4*a**2 - 11*a + 11. Let j(d) = -4*q(d) - 7*w(d). Calculate j(-2).
50
Suppose -b - 1 = -0*b. Let r = b - -1. Let p(a) = a**2 - 14. Calculate p(r).
-14
Suppose 3*q = -5*i + 23, 4*i + i - 19 = q. Suppose i*m = 11 - 31. Let w(d) = d**3 + 6*d**2 + 2*d. Give w(m).
15
Let p be ((-4)/(-3))/((-7)/(-84)). Let w(y) = 4*y - 10 + 9*y - p*y + 5*y. What is w(8)?
6
Let g(u) = 2*u**3 - 2*u**2 - 4*u + 4. Let o be g(2). Let z be (-20)/(-5) + o - 2. Let s(j) = -j**3 + 6*j**2 + 5. What is s(z)?
5
Let n(k) = -k**2 - 5*k + 4. Suppose 25 = -l - 19*w + 23*w, -3*l + 4*w = 35. What is n(l)?
4
Let k(t) be the second derivative of t**4/3 + 7*t**3/2 + t**2 + 2*t + 478. Calculate k(-6).
20
Let k(j) be the second derivative of -j**3/3 - 3*j**2 - j - 172. What is k(-9)?
12
Let j be (-13)/(-5) + (-12)/(-30). Suppose -4*h - 12 = 4*y, -2*y = -5*y - j. Let n(s) = -s**2 - 3*s + 2. Give n(h).
4
Let r(p) be the first derivative of p**3 - 11*p**2/2 - p - 148. Determine r(4).
3
Let p(s) = -5*s**3 - 3*s**2 - 5. Let k(u) = -6*u**3 - 4*u**2 - 9. Let l(w) = -4*k(w) + 5*p(w). Let c(o) = -o. Let b be c(0). Give l(b).
11
Let p(n) = -n**2 - 3*n + 5. Suppose -3*s + 5*w = 14, 5*s - 5*w + 8 = -2. What is p(s)?
-5
Let k(s) be the second derivative of -s**3/6 - s**2 + 6*s. Let v be k(-7). Suppose 0 = -3*x + 2*m - v, -6*x = -x + 3*m + 2. Let h(z) = -2*z + 1. What is h(x)?
3
Let b = 900 - 908. Let k(c) = -c**3 - 10*c**2 - 16*c + 3. Calculate k(b).
3
Let l(n) be the second derivative of n**6/180 + n**5/30 - n**4/8 + 8*n**3/3 - 3*n. Let m(z) be the second derivative of l(z). What is m(-4)?
13
Let r(a) = -6. Let u(j) = 4*j + 17. Let g(w) = -3*r(w) - u(w). Suppose 4*q + 8 = 4*c, -8 + 1 = -4*q - c. Calculate g(q).
-3
Let p(r) = -4*r**3 + 2*r**2 - 2*r + 1. Suppose 5 = i - 4*v + 3*v, 3*i + v - 7 = 0. Let s(h) = h**3 + h**2 - 1. Let b(g) = i*s(g) + p(g). Determine b(4).
6
Let j(b) = -b + 7. Let r be j(9). Let g be (-4)/((-16)/20) + -3. Let u(y) = 0*y**g - 2 + y + y**2 + y**2. Determine u(r).
4
Suppose -11*b - 65 = -6*b. Let j = -14 - b. Let i(y) be the third derivative of -y**6/10 - y**5/60 + y**3/6 - 4*y**2. Calculate i(j).
12
Let g be 4/(-6) - 10/(-15). Let f be g/(-1) - (-3 - -1). Suppose -20 = -4*i + 2*c, -i + f*i + 4*c - 14 = 0. Let l(a) = a**2 - 5*a - 5. Give l(i).
1
Let j(x) = x**3 - 5*x**2 + 6*x - 5. Suppose -7*v + 2*v + q + 15 = 0, -4*v = -3*q - 1. What is j(v)?
3
Let k(x) be the third derivative of 0*x - 1/8*x**4 + x**3 - 1/120*x**6 - 20*x**2 + 0 - 1/10*x**5. What is k(-6)?